{"id":38015,"date":"2024-04-11T11:11:33","date_gmt":"2024-04-11T09:11:33","guid":{"rendered":"https:\/\/balfego.com\/?post_type=job_offer&#038;p=38015"},"modified":"2025-04-08T13:24:00","modified_gmt":"2025-04-08T11:24:00","slug":"mariner-a-2","status":"publish","type":"job_offer","link":"https:\/\/balfego.com\/ca\/oferta-treball\/mariner-a-2\/","title":{"rendered":"MARINER\/A"},"content":{"rendered":"<p><strong>Descripci\u00f3<\/strong><\/p>\n<p>Balfeg\u00f3 Grup \u00e9s l&#8217;empresa l\u00edder mundial en captura, estudi i comercialitzaci\u00f3 de tonyina vermella fresca sota un sistema de responsabilitat sostenible social i mediambiental que satisf\u00e0 les expectatives dels nostres clients\/es, garantint la continu\u00eftat de l&#8217;esp\u00e8cie per a generacions futures. Comptem amb un equip divers format per 300 persones que fan possible que aquest producte de gran qualitat arribi a tot el m\u00f3n.<\/p>\n<p>Executar les funcions de marineria per al correcte desenvolupament de les tasques de l&#8217; embarcaci\u00f3 garantit la seguretat de tothom. Promoure i garantir el compliment dels procediments interns, pol\u00edtiques de seguretat aliment\u00e0ria, qualitat, bones pr\u00e0ctiques mediambientals i socials i seguretat i salut.<\/p>\n<p>Aquesta oportunitat es troba dins del departament de <strong>TUNCACAT<\/strong> com a <strong>MARINER\/A<\/strong>.<\/p>\n<p><strong>Que far\u00e9?<\/strong><\/p>\n<ul>\n<li>C\u00e0rrega i desc\u00e0rrega de material\/pescat al vaixell<\/li>\n<li>Revisi\u00f3 de les m\u00e0quines i instal\u00b7lacions del vaixell<\/li>\n<li>Neteja del peix i elaboraci\u00f3 de mostres despr\u00e9s de l&#8217; operativa.<\/li>\n<li>Manteniment b\u00e0sic del vaixell i neteja.<\/li>\n<li>Tasques i maniobres pr\u00f2pies del personal mariner<\/li>\n<\/ul>\n<p><strong>Qu\u00e8 m&#8217;ajudar\u00e0 a tenir \u00e8xit?<\/strong><\/p>\n<ul>\n<li>No es requereix experi\u00e8ncia per\u00f2 es valorar\u00e0 tenir 1 any d&#8217;experi\u00e8ncia com Mariner\/a<\/li>\n<li>T\u00edtol de Mariner Pescador<\/li>\n<li>Llibreta d&#8217; inscripci\u00f3 mar\u00edtima i d&#8217; activitats subaqu\u00e0tiques vigent sense restriccions<\/li>\n<li>Formaci\u00f3 B\u00e0sica<\/li>\n<li>Reconeixement m\u00e8dic en vigor per l&#8217; ISM<\/li>\n<\/ul>\n<p><strong>Qu\u00e8 oferim?<\/strong><\/p>\n<ul>\n<li>Contracte fix<\/li>\n<li>Formaci\u00f3 inicial i continuada per impulsar el teu desenvolupament.<\/li>\n<li>22 dies de vacances laborables + el dia de l&#8217; aniversari.<\/li>\n<li>Retribuci\u00f3 flexible i descomptes en productes.<\/li>\n<li>Asseguran\u00e7a m\u00e8dica privada pagada per l&#8217; empresa a la persona treballadora i descompte als familiars.<\/li>\n<li>Servei atenci\u00f3 Salut i Persona 24\/7: Salut mental i suport en tr\u00e0mits socials.<\/li>\n<\/ul>\n<p><strong>Comprom\u00eds diversitat, igualtat i inclusi\u00f3<\/strong><\/p>\n<p>Balfeg\u00f3 Grup impulsa i busca la diversitat en totes les seues formes i fomenta un ambient de treball i de col\u00b7laboraci\u00f3 inclusiu on totes les persones se sentin aut\u00e8ntiques, elles mateixes i a gust treballant a la nostra empresa. Garantim la igualtat d&#8217;oportunitats i totes les persones que apliquin seran considerades per a un treball sense atenci\u00f3 a l&#8217;\u00e8tnia, religi\u00f3, orientaci\u00f3 sexual, identitat\/expressi\u00f3 de g\u00e8nere, estat familiar o parental, edat, d&#8217; origen nacional o diversitat funcional.<\/p>\n","protected":false},"featured_media":0,"template":"","class_list":["post-38015","job_offer","type-job_offer","status-publish","hentry"],"acf":[],"_links":{"self":[{"href":"https:\/\/balfego.com\/ca\/wp-json\/wp\/v2\/job_offer\/38015","targetHints":{"allow":["GET"]}}],"collection":[{"href":"https:\/\/balfego.com\/ca\/wp-json\/wp\/v2\/job_offer"}],"about":[{"href":"https:\/\/balfego.com\/ca\/wp-json\/wp\/v2\/types\/job_offer"}],"wp:attachment":[{"href":"https:\/\/balfego.com\/ca\/wp-json\/wp\/v2\/media?parent=38015"}],"curies":[{"name":"wp","href":"https:\/\/api.w.org\/{rel}","templated":true}]}}

<p><strong>Descripció</strong></p>
<p>Balfegó Grup és l&#8217;empresa líder mundial en captura, estudi i comercialització de tonyina vermella fresca sota un sistema de responsabilitat sostenible social i mediambiental que satisfà les expectatives dels nostres clients/es, garantint la continuïtat de l&#8217;espècie per a generacions futures. Comptem amb un equip divers format per 300 persones que fan possible que aquest producte de gran qualitat arribi a tot el món.</p>
<p>Executar les funcions de marineria per al correcte desenvolupament de les tasques de l&#8217; embarcació garantit la seguretat de tothom. Promoure i garantir el compliment dels procediments interns, polítiques de seguretat alimentària, qualitat, bones pràctiques mediambientals i socials i seguretat i salut.</p>
<p>Aquesta oportunitat es troba dins del departament de <strong>TUNCACAT</strong> com a <strong>MARINER/A</strong>.</p>
<p><strong>Que faré?</strong></p>
<ul>
<li>Càrrega i descàrrega de material/pescat al vaixell</li>
<li>Revisió de les màquines i instal·lacions del vaixell</li>
<li>Neteja del peix i elaboració de mostres després de l&#8217; operativa.</li>
<li>Manteniment bàsic del vaixell i neteja.</li>
<li>Tasques i maniobres pròpies del personal mariner</li>
</ul>
<p><strong>Què m&#8217;ajudarà a tenir èxit?</strong></p>
<ul>
<li>No es requereix experiència però es valorarà tenir 1 any d&#8217;experiència com Mariner/a</li>
<li>Títol de Mariner Pescador</li>
<li>Llibreta d&#8217; inscripció marítima i d&#8217; activitats subaquàtiques vigent sense restriccions</li>
<li>Formació Bàsica</li>
<li>Reconeixement mèdic en vigor per l&#8217; ISM</li>
</ul>
<p><strong>Què oferim?</strong></p>
<ul>
<li>Contracte fix</li>
<li>Formació inicial i continuada per impulsar el teu desenvolupament.</li>
<li>22 dies de vacances laborables + el dia de l&#8217; aniversari.</li>
<li>Retribució flexible i descomptes en productes.</li>
<li>Assegurança mèdica privada pagada per l&#8217; empresa a la persona treballadora i descompte als familiars.</li>
<li>Servei atenció Salut i Persona 24/7: Salut mental i suport en tràmits socials.</li>
</ul>
<p><strong>Compromís diversitat, igualtat i inclusió</strong></p>
<p>Balfegó Grup impulsa i busca la diversitat en totes les seues formes i fomenta un ambient de treball i de col·laboració inclusiu on totes les persones se sentin autèntiques, elles mateixes i a gust treballant a la nostra empresa. Garantim la igualtat d&#8217;oportunitats i totes les persones que apliquin seran considerades per a un treball sense atenció a l&#8217;ètnia, religió, orientació sexual, identitat/expressió de gènere, estat familiar o parental, edat, d&#8217; origen nacional o diversitat funcional.</p>
